ctors of 21255.
3, 5, 13, 109
List the prime factors of 555.
3, 5, 37
List the prime factors of 761.
761
What are the prime factors of 139333?
139333
List the prime factors of 712.
2, 89
List the prime factors of 24086.
2, 12043
List the prime factors of 68744.
2, 13, 661
List the prime factors of 17269.
7, 2467
What are the prime factors of 4947?
3, 17, 97
What are the prime factors of 927?
3, 103
List the prime factors of 1890.
2, 3, 5, 7
List the prime factors of 122.
2, 61
What are the prime factors of 22498?
2, 7, 1607
List the prime factors of 2412.
2, 3, 67
What are the prime factors of 23474?
2, 11, 97
List the prime factors of 6843.
3, 2281
What are the prime factors of 30304?
2, 947
What are the prime factors of 9881?
41, 241
List the prime factors of 4567.
4567
List the prime factors of 1823.
1823
List the prime factors of 51316.
2, 12829
List the prime factors of 67718.
2, 7, 691
What are the prime factors of 29601?
3, 11, 13, 23
List the prime factors of 75460.
2, 5, 7, 11
List the prime factors of 12692.
2, 19, 167
What are the prime factors of 8?
2
What are the prime factors of 3464?
2, 433
What are the prime factors of 109823?
7, 29, 541
List the prime factors of 6127.
11, 557
List the prime factors of 292.
2, 73
What are the prime factors of 55246?
2, 23, 1201
What are the prime factors of 3414?
2, 3, 569
What are the prime factors of 1307?
1307
List the prime factors of 1408.
2, 11
What are the prime factors of 833?
7, 17
What are the prime factors of 4462?
2, 23, 97
List the prime factors of 5822.
2, 41, 71
List the prime factors of 3448.
2, 431
List the prime factors of 2999.
2999
List the prime factors of 2226.
2, 3, 7, 53
List the prime factors of 134.
2, 67
List the prime factors of 4410.
2, 3, 5, 7
What are the prime factors of 507?
3, 13
What are the prime factors of 5498?
2, 2749
List the prime factors of 35453.
11, 293
List the prime factors of 168884.
2, 42221
List the prime factors of 5182.
2, 2591
What are the prime factors of 25118?
2, 19, 661
List the prime factors of 2645.
5, 23
List the prime factors of 23992.
2, 2999
What are the prime factors of 448?
2, 7
List the prime factors of 370.
2, 5, 37
List the prime factors of 613.
613
What are the prime factors of 60455?
5, 107, 113
List the prime factors of 6635.
5, 1327
List the prime factors of 107023.
7, 15289
List the prime factors of 5315.
5, 1063
What are the prime factors of 124?
2, 31
List the prime factors of 731.
17, 43
What are the prime factors of 71380?
2, 5, 43, 83
List the prime factors of 1688.
2, 211
What are the prime factors of 7557?
3, 11, 229
List the prime factors of 1269.
3, 47
List the prime factors of 1232.
2, 7, 11
List the prime factors of 11352.
2, 3, 11, 43
List the prime factors of 1535.
5, 307
What are the prime factors of 63195?
3, 5, 11, 383
List the prime factors of 13459.
43, 313
What are the prime factors of 8275?
5, 331
What are the prime factors of 368?
2, 23
List the prime factors of 9590.
2, 5, 7, 137
What are the prime factors of 1371?
3, 457
What are the prime factors of 22280?
2, 5, 557
What are the prime factors of 60421?
23, 37, 71
What are the prime factors of 35580?
2, 3, 5, 593
List the prime factors of 91571.
91571
What are the prime factors of 2927?
2927
List the prime factors of 127528.
2, 19, 839
What are the prime factors of 61848?
2, 3, 859
What are the prime factors of 444?
2, 3, 37
List the prime factors of 140.
2, 5, 7
List the prime factors of 875.
5, 7
List the prime factors of 151.
151
What are the prime factors of 13109?
13109
What are the prime factors of 1074?
2, 3, 179
List the prime factors of 2676.
2, 3, 223
What are the prime factors of 4513?
4513
What are the prime factors of 29203?
19, 29, 53
List the prime factors of 4016.
2, 251
List the prime factors of 557.
557
What are the prime factors of 105912?
2, 3, 1471
What are the prime factors of 42059?
137, 307
What are the prime factors of 176280?
2, 3, 5, 13, 113
List the prime factors of 159.
3, 53
List the prime factors of 14893.
53, 281
What are the prime factors of 669?
3, 223
List the prime factors of 27235.
5, 13, 419
List the prime factors of 22915.
5, 4583
What are the prime factors of 73248?
2, 3, 7, 109
What are the prime factors of 11406?
2, 3, 1901
List the prime factors of 43728.
2, 3, 911
What are the prime factors of 24182?
2, 107, 113
List the prime factors of 30732.
2, 3, 13, 197
List the prime factors of 1777.
1777
What are the prime factors of 18918?
2, 3, 1051
What are the prime factors of 1401?
3, 467
What are the prime factors of 23330?
2, 5, 2333
What are the prime factors of 1787?
1787
What are the prime factors of 86822?
2, 43411
List the prime factors of 75.
3, 5
What are the prime factors of 2394?
2, 3, 7, 19
What are the prime factors of 52130?
2, 5, 13, 401
What are the prime factors of 27937?
7, 13, 307
What are the prime factors of 898?
2, 449
List the prime factors of 9659.
13, 743
List the prime factors of 8749.
13, 673
List the prime factors of 6997.
6997
List the prime factors of 27756.
2, 3, 257
List the prime factors of 17967.
3, 53, 113
List the prime factors of 21840.
2, 3, 5, 7, 13
What are the prime factors of 1489?
1489
What are the prime factors of 15405?
3, 5, 13, 79
List the prime factors of 16374.
2, 3, 2729
What are the prime factors of 2033?
19, 107
List the prime factors of 12113.
12113
What are the prime factors of 637?
7, 13
What are the prime factors of 22172?
2, 23, 241
What are the prime factors of 26980?
2, 5, 19, 71
What are the prime factors of 1818?
2, 3, 101
List the prime factors of 213.
3, 71
What are the prime factors of 510?
2, 3, 5, 17
What are the prime factors of 2065?
5, 7, 59
What are the prime factors of 7771?
19, 409
List the prime factors of 107.
107
What are the prime factors of 1027?
13, 79
List the prime factors of 9262.
2, 11, 421
List the prime factors of 1093.
1093
What are the prime factors of 13674?
2, 3, 43, 53
What are the prime factors of 7570?
2, 5, 757
List the prime factors of 1658.
2, 829
What are the prime factors of 312?
2, 3, 13
List the prime factors of 29711.
11, 37, 73
What are the prime factors of 510?
2, 3, 5, 17
List the prime factors of 9436.
2, 7, 337
List the prime factors of 53970.
2, 3, 5, 7, 257
What are the prime factors of 47936?
2, 7, 107
What are the prime factors of 618?
2, 3, 103
What are the prime factors of 448?
2, 7
List the prime factors of 2952.
2, 3, 41
List the prime factors of 6413.
11, 53
What are the prime factors of 720?
2, 3, 5
List the prime factors of 2382.
2, 3, 397
List the prime factors of 3369.
3, 1123
List the prime factors of 377.
13, 29
List the prime factors of 1260.
2, 3, 5, 7
What are the prime factors of 67361?
7, 9623
List the prime factors of 33105.
3, 5, 2207
List the prime factors of 85074.
2, 3, 11, 1289
What are the prime factors of 56694?
2, 3, 11, 859
What are the prime factors of 6362?
2, 3181
What are the prime factors of 1269?
3, 47
What are the prime factors of 1012?
2, 11, 23
What are the prime factors of 3854?
2, 41, 47
List the prime factors of 1735.
5, 347
List the prime factors of 628.
2, 157
What are the prime factors of 52138?
2, 131, 199
List the prime factors of 2720.
2, 5, 17
List the prime factors of 74631.
3, 24877
What are the prime factors of 451?
11, 41
What are the prime factors of 717?
3, 239
List the prime factors of 12576.
2, 3, 131
What are the prime factors of 19815?
3, 5, 1321
List the prime factors of 955.
5, 191
What are the prime factors of 1754?
2, 877
List the prime factors of 452.
2, 113
List the prime factors of 458.
2, 229
What are the prime factors of 2776?
2, 347
What are the prime factors of 2997?
3, 37
List the prime factors of 768.
2, 3
What are the prime factors of 9772?
2, 7, 349
List the prime factors of 24277.
11, 2207
List the prime factors of 16389.
3, 607
What are the prime factors of 643?
643
What are the prime factors of 41857?
19, 2203
What are the prime factors of 5947?
19, 313
List the prime factors of 1311.
3, 19, 23
What are the prime factors of 2451?
3, 19, 43
List the prime factors of 2969.
2969
List the prime factors of 25393.
67, 379
List the prime factors of 43038.
2, 3, 797
What are the prime factors of 15125?
5, 11
What are the prime factors of 